1)).
11
What is 83 - (25 - -110 - 65)?
13
Evaluate -215 + 214 + (2 - -18) - -11.
30
Calculate (-15 - (8 + (-7 - 11) + 5)) + (3 - -30).
23
What is the value of 41 - (5 - -67) - -24?
-7
18 - 10 - (-18 - 114 - (5 - -4)) - 13
136
29 + -45 - (-38 + -6 + 1)
27
Calculate -14 + (-45 - -38 - -37 - -43).
59
Evaluate (-5 - -2) + 1 + 5 + (146 - (94 - -86)).
-31
What is the value of (-337 - (115 - 202)) + 134?
-116
-22 + -1 + 19 + -6 + 31
21
(32 + -57 - -84) + -34
25
What is the value of -25 + -20 - (-1 + 28 - 13)?
-59
Calculate (2 + -13 - (1443 + -1446)) + 39 + (-1 - -2).
32
Evaluate -164 - (126 - (91 + 90)).
-109
What is (10 - -30) + -14 + -2 + -3?
21
Calculate -10 + -3 - (6 - -13 - (38 + -35)).
-29
(69 - -13 - 112) + (9 - 46)
-67
What is -493 + 472 + (-101 - (7 + -8 - -1))?
-122
(-62 + 15 + 7 - -36) + 5
1
What is -13 - (10 + -14) - 46?
-55
Calculate -4 + (6 - 2) + -5 + 192 + -143.
44
(10 - (0 + -5 - (-137 - -113))) + 47
38
Calculate -2 - -21 - (-35 + (74 - -5)).
-25
41 + -3 + (-43 - (-43 - 7)) + (1 - 16)
30
What is (-9 - ((1 + 3 - (99 + -24)) + 13)) + 13?
62
142 + (-70 - (25 + -23))
70
What is 11 - -1 - (103 - 80) - (-83 - (6 + -3))?
75
Calculate -3 + 4 + -49 - (15 - (9 + 3 - 7)).
-58
3 - (-4 + 9) - (35 + -134 + 33)
64
What is 26 + -12 + 10 + 14?
38
What is the value of (119 - (2 - -1) - (337 - 337) - 13) + -3?
100
(3 + -11 + -36 - -20) + -25
-49
What is the value of 112 + -30 + (-18 - -35) + 1?
100
Evaluate (-27 + 2 - (0 + 4)) + -1 + -11.
-41
Evaluate (9 - 10) + -29 + 16 + 51.
37
17 + (-12 + -6 - 22 - -6)
-17
What is the value of -19 + (-141 - (-13 + -61))?
-86
Calculate (2 - 3 - (-18 + 2)) + -7923 + 7975.
67
What is the value of (1 - (2 + -5) - (165 + -307 - -136)) + -130?
-120
-9 - -14 - (77 - 31)
-41
What is -19 - (14 + 7 - (23 + 21))?
4
Calculate -46 + (7 - 8) + (-7 - -8) + -7 + 6.
-47
Calculate -16 + (37 - 44) - (17 + -30).
-10
23 + (2 - 8 - -2) - 8 - 1 - 1
9
Calculate 34 + -31 - (-4 + (11 - -6)).
-10
What is the value of -11616 + 11719 - (-3 + -1 + 0 - 2)?
109
Calculate -31 + -4 - (59 - 87).
-7
Evaluate -22 + 26 + (-33 - -27) - (2 - (-16 + 0)).
-20
Evaluate (-13 - 2 - -66) + (13 - 7).
57
What is (-13 - -5) + -928 + 912?
-24
Evaluate 8887 + -8911 + (1 - -19).
-4
What is the value of (153 - 164) + 7 + -3 - 49?
-56
47 + (-69 - -43) + (-33 - (7 + -4))
-15
Evaluate -71 + 70 + (-49 - -58).
8
Calculate (26 + 11 - 48 - -24) + (-5 - -1).
9
Calculate (-490 - -496) + 3 + -57 + -5.
-53
Calculate (12 + -8 + 5 - 2) + (32 - (-1 + -14)).
54
Evaluate (-77 - (28 - 41)) + 5 + -4 + 7.
-56
Evaluate (-131 - 3) + (6 - 4) + -96 + 107.
-121
Evaluate (-4 - 60) + (3785 - 3773).
-52
-5 + 52 + -89 - (-1 + -4)
-37
What is 118 + -141 + 66 + -137?
-94
Evaluate ((1 - -27) + -20 - -19) + -15.
12
Evaluate 291 + -319 + (-3 - -62).
31
What is -178 + (349 - 132) + (16 - 0)?
55
What is the value of -12 - (8 + (2 - 21 - (42 + -22)))?
19
What is (9 - 91) + 7 + 23 + -11?
-63
Evaluate 65 + -89 + -18 + 9 + -5 + -5.
-43
Calculate (4 - 5) + -6 + -11 + -11 + 15 + -1.
-15
Calculate -45 + (-16 - (-7 + 24)) + 28.
-50
Calculate 110 - -12 - (-937 + 935).
124
Evaluate (-50 - -71 - 20) + 24.
25
2 + -19 - (40 + 10 + -105)
38
What is 26 + 71 + (56 - 139)?
14
Evaluate -41 - 0 - (-9 - (27 + -43 + 10)).
-38
Calculate -44 - (-93 + -13) - 18.
44
What is -44 + -6 - -65 - ((0 - 5) + (35 - 3))?
-12
(-3 - 12) + 693 + -621
57
Evaluate (-3 - (69 + -5)) + -5 - (-261 + 253).
-64
What is (-6469 - -6324) + -1 + 26?
-120
38 + (11 + 4 - 19) + -23
11
What is the value of 90 - (0 + 3) - (-36 - -86 - 54)?
91
Evaluate (105 - -47) + -80 + (9 - 49).
32
What is (-8 - 3) + (8 - 55) + 16?
-42
What is (-17 - 28) + 4 + 4 + 0 + -1 + 8?
-30
Evaluate 101 + 5 + (-2311 - -2234).
29
Evaluate 487 + -499 - (-92 + (4 - 1)).
77
What is the value of 16 + -52 - -96 - (-10 - 0)?
70
(-116 - -129) + (199 - 204) + (61 - (0 + 0))
69
What is -9 - -4 - (-20 - (-20 + 23 + -22))?
-4
What is the value of -60 + 44 + 15 + (-67 + (0 - 2) - 5)?
-75
What is -68 - (-56 - 26 - -88)?
-74
Evaluate -22 - -38 - (-50 - -60) - -31.
37
(4 - (8 - 2)) + (294 - 228)
64
Evaluate -54 + (15 - 13) + 51.
-1
What is 1 - 1 - -2 - -11 - (-44736 + 44660)?
89
What is the value of -47 + -25 + -53 + 91?
-34
-60 + ((-17 - -35) + 3 - 7)
-46
Calculate 11 + -10 + 10 + 6 + -4.
13
What is 0 - (-10 - -25 - (3 + 5) - 4) - 41?
-44
Calculate 2 + -4 + (1 - -71) - (-29 + (10 - -14)).
75
What is the value of (-13 - -7) + -3 + 34 + 4 - (7 - 0)?
22
What is -16 + -6 + 13 + -23 + 15?
-17
Calculate 29079 + -29009 - (-1 + 0 - -2 - 4 - 0).
73
Evaluate (8 - -40 - -6) + (-7 - -18 - 5).
60
Evaluate -31 + 46 + -70 + 39.
-16
Evaluate 7 + 26 + (24 - 34) + 3.
26
What is (61 - 52 - -88) + -118?
-21
-8 - -1 - (44 + -56 + 25)
-20
0 - (-2 + 0) - (-2 + -5 + -3 + -34)
46
What is -9 + 1 + (-19 + -108 - -160)?
25
Calculate -8 + (2 - 1) - (-5 - 0) - (-61 - -91).
-32
(-24 + 52 - 193) + 107
-58
What is the value of 5 - (33 - 14) - (-1 - (-1 + 14))?
0
Calculate -23 + 0 + (-17 - (-20 + -19)) + 58.
57
-9 + (0 - -1) - (29 + -37 + -1 + -5)
6
What is the value of (-8302 - -8300) + -58 + -1 + 1 + 0?
-60
Evaluate (0 + -3 + -1 - (-550 - -552)) + -59 + 2.
-63
What is the value of -107 + -8 + (-48 - -35 - (-9 + (9 - 15)))?
-113
Evaluate -1 + -1 + -4 + 3 + -5 + (-322 - -394).
64
65 + -3 + (-94 - -78) + (1 - 1)
46
Evaluate -9 + 13 + -34 + (5 - 10) + (-1 - -3).
-33
What is (15 - 3) + (2 + 90 - (23 + -35 + 23))?
93
Evaluate -27 - (-63 + 49 - -98) - (-1 + -5).
-105
What is 62 + 64 + -93 + (-2 - 11)?
20
Calculate -1 - 1 - (2361 - 2406).
43
What is 5 - (-12 - -4) - ((30 - 14) + -10)?
7
Evaluate -65 + (12 - -48) + 125.
120
(7 - 15) + 3 - ((-29 - 17) + 29)
12
Evaluate (27 - (-13 - (21 + -27))) + -23.
11
-11 - (74 + 1 + -4 - (-102 - -110 - 2))
-76
What is the value of -1 + 16 - 8 - (-20 - 2 - -9)?
20
Evaluate 20 + -14 + -11 + -7 + (2 - -1) + -10.
-19
What is the value of 26 + 176 + -153 + 7 + 4?
60
Evaluate -39 + (24 - 9 - 15 - -3 - (0 - -2)).
-38
What is -17 + 12 + 24 + (-9 - -5)?
15
What is the value of -52 + (32 + -44 - 29)?
-93
What is (-117 - (-302 - -178)) + (-2 + 2 - -2 - 26)?
-17
Evaluate 14 - ((17 - -2) + -42 + 2).
35
2 - (-10 + (-15 - 2)) - (3 + -12 - -5)
33
Calculate -55 - 1 - (-14 + 13 + (5 - 2) + -10).
-48
What is 12 + (11 - 16) + -7 - (-38 + 3)?
35
28 + -7 - (36 + -36 + 21)
0
Evaluate 2 + -13 - (15 + (23 - (20 + 4))).
-25
9 + -4 + -23 - -10 - (-81 - -17)
56
What is 10 + (12 - 8 - ((-18 - -9) + 20 + -6))?
9
What is -66 + (-37 - -62 - 62) + 11?
-92
What is 6 + -39 - -93 - 82?
-22
What is the value of -16 - ((104 - 189) + 35)?
34
-51 + 54 + -37 + 35
1
Calculate (-17 - -1 - (-441 - -417)) + (-1 - (-2 - -103)).
-94
What is 5 + -5 - (-97 - (-3 + (16 - 7) + -9))?
94
Calculate ((10 - -9) + -3 - 15) + 8.
9
What is (-3 - (-13 + 4)) + -3 - 49 - (-561 - -569)?
-54
What is (5 - 46) + 1 + -27 + 61?
-6
What is 4 + 20 + (-19 + -11 - -12) + 47?
53
What is the value of (-40 + -33 - -40) + 9?
-24
Calculate (-5 + 4 - (-15 - (57 + -16 + 18))) + 15.
88
Calculate 12 + (3 - -10 - -19) + (4 - -3).
51
(-51 - -44 - (-4 - 37 - -5)) + (-6 - -3)
26
What is the value of -7 + 13 + -6 + (3 - 0) + -62 - -1?
-58
What is 1 + 1 + 8 + (-1 - 22) + (-95 - -83)?
-25
Evaluate -71 - (1 + 5) - ((-4 + 25 - 25) + 20).
-93
What is the value of 29 + 62 + -96 + 43?
38
What is the value of -8 + (-3 + 1 - -4) - (42 - 5)?
-43
What is -29 + (16 + 11 + 2 - -128)?
128
What is -81 + -36 + 73 - -1?
-43
Calculate -7 + 0 + (-3 - (4 - 11 - 1)) + -10.
-12
Evaluate -46 + 9 - (269 - 264).
-42
13 + (0 - -7 - -1 - (576 - 530))
-25
Calculate -5 + -11 + 15 + 3 + (-43 - 8).
-49
What is 2 + -1 + -84 + 20 + (5 - -2)?
-56
What is the value of (44 - 74 - -90) + 0?
60
What is 20 - -27 - 28 - (0 - -18)?
1
What is -32 - (-103 + (64 + -33 - 37))?
77
What is the value of -14 + (43 + -15 - 52) - -23?
-15
Calculate 14 + (-10 - 13) + 14 - ((-137 - 8) + 10).
140
Evaluate -11 - (-7 + -1 - (-5 + 39 + -37)).
-6
What is the value of (-14 - -3) + 6 + (-4 - 2) + (48 - 0)?
37
-97 + (35 - 88) - -137
-13
(-77 - -5 - 5) + -390 + 409
-58
What is the value of (419 - 451) + -2 + 0 - 4?
-38
What is the value of 8 + -3 + 22 + -20 + -1 + 2?
8
Calculate 7040 - 6969 - (38 - -2).
31
What is the value of -5 + -10 + 5 - ((21 - 9) + 2)?
-24
What is the value of 0 + -11 + (-66 - -67) - (-13 + 6 + 8)?
-11
Evaluate -4 - (